irst derivative of 9*b**4/8 + b**2 + 6. Let d(o) be the second derivative of h(o). What are the prime factors of d(1)?
3
Let v(j) = 2*j**2 + j - 1. Let y(c) = c + 7. Let z be y(-6). Let a be 15/3 - 3 - z. What are the prime factors of v(a)?
2
List the prime factors of (4593/15 - -3)/(2/10).
2, 773
Let t(r) be the second derivative of 3*r**3/2 - 14*r**2 + 2*r. What are the prime factors of t(22)?
2, 5, 17
Let q = -2 - -5. Suppose 4*r = 3*n - n + 126, r + q*n - 21 = 0. List the prime factors of r.
2, 3, 5
Suppose 0 = 3*w + 12, 8*z - 10*z + 2378 = 2*w. List the prime factors of z.
1193
What are the prime factors of 87/58 - (-3598)/4?
17, 53
Suppose 2*a + 1 = 5*i - 1, i + 4 = -4*a. Suppose 0*d - 5*d - 5 = -3*m, i = d + 5*m - 27. What are the prime factors of 26 - (-2 + -1 + d)?
3
Let v = -833 - -1666. What are the prime factors of v?
7, 17
Suppose -5*w + 2*h = 6*h + 29, -3*w + 5*h - 47 = 0. Let l be (w - -8)/((-1)/9). List the prime factors of (-3)/l - 97/(-3).
2
Let m = 292 - 3360. List the prime factors of 8/(-60) - m/60.
3, 17
Let g(t) = -14*t + 100. List the prime factors of g(-19).
2, 3, 61
Let z(b) = -b**3 + 12*b**2 + 4*b + 10. What are the prime factors of z(9)?
17
Let i be (4/(-4))/((-1)/3). Suppose 0*p + 127 = 3*f - 2*p, i*p = -f + 57. List the prime factors of f.
3, 5
Let b(w) = 5*w + 75*w**2 - 35*w**2 + 37 - 39*w**2. What are the prime factors of b(-7)?
3, 17
Let r be 6/30 + (-38)/(-10). Suppose -76 = -2*c - 4*o, r*c - 161 = -2*o - 3*o. What are the prime factors of c?
2, 11
Suppose 0 = 6*t - 2 - 1684. Let c = -162 + t. What are the prime factors of c?
7, 17
Suppose 2*l - 2 = 6. Let a be (-10 - l/(-1))/(-2). Suppose -3 = a*r, -r + 0 = -2*v + 75. List the prime factors of v.
37
Let o = 356 - -2910. What are the prime factors of o?
2, 23, 71
Suppose -6*v + 11*v = 2560. List the prime factors of v.
2
Suppose -3*g - 2*x = -14, 0*g + x - 10 = -3*g. Suppose -g*z + 45 = z. Let k = 24 - z. List the prime factors of k.
3
Suppose 0 = c - 223 - 34. What are the prime factors of c?
257
Let t(v) = 10*v + 17. What are the prime factors of t(10)?
3, 13
Let u be (12/(-9))/(4/(-9)). Suppose 219 = 5*p + u*s + 35, 0 = p - s - 32. List the prime factors of p.
5, 7
Suppose 5*y = 4*h - 43, 3*h + 4*y = 3*y + 37. What are the prime factors of 8/h*1635/10?
109
Suppose 39 = 5*t + 2*u, u - 3 = t - 4*u. Let r be (-2)/t + (-172)/(-14). List the prime factors of r/20 - 336/(-15).
23
Let w(r) be the second derivative of -r**4/6 + r**2/2 + 5*r. Let y be w(2). List the prime factors of (-2)/6*(-29 + y).
2, 3
Let c(u) = 14*u**2 - 42*u - 434. List the prime factors of c(-16).
2, 3, 7, 13
Let l(a) = -175*a + 1. Let p be l(1). Let m be p/(-18) - (-2)/6. Suppose -2 = -w, -3*y = -2*w + w - m. What are the prime factors of y?
2
Let r(b) = b**2 - 6*b + 5. Let i be r(4). Let z be i - -72 - (-1 - -4). Suppose u - 33 = q, -2*u + z = 4*q - 2*q. What are the prime factors of u?
3, 11
Suppose 3*q = -q. Suppose 60 = -q*m + m. Suppose 3*x + 6*r - m = 8*r, -80 = -4*x + 5*r. List the prime factors of x.
2, 5
Suppose -113 - 7 = -n. Let z = 234 - n. What are the prime factors of z?
2, 3, 19
Let j(a) = 22*a**2 + 2*a - 7. Let g = 26 + -24. List the prime factors of j(g).
5, 17
Let k(i) = -18*i - 3. Let s(g) = 3*g**3 + 2*g**2 - 1. Let z be s(-1). Let q be k(z). Suppose 31 + q = 4*r. What are the prime factors of r?
2
Let v(l) = 2*l + 2. Let u be v(0). Suppose 3*r - 55 = -c, -r = u*r + 5*c - 35. List the prime factors of r.
2, 5
Let m be 0/(-10) + (-3 - -1). Let o(r) = -r**3 - r**2 + 3*r + 4. Let q be o(m). Suppose 0 = 3*y + q*t - 13, 4*y + 5*t - 20 = -5. List the prime factors of y.
5
Let y = -23 - -23. Suppose 8*g - 2*g - 24 = y. Suppose -g*n = -n - 144. What are the prime factors of n?
2, 3
Let z = 22 + -14. Let f be (-2 + 20)*4/z. List the prime factors of (6/f)/(6/27).
3
Suppose g - 208 = -0*c + 4*c, 2*g + 4*c = 428. What are the prime factors of g?
2, 53
Suppose 0 = -p + h - 6, -p - 4*p + h = 18. What are the prime factors of (19 + -20)*p/((-6)/(-170))?
5, 17
Suppose -14*f + 9165 + 19199 = 0. List the prime factors of f.
2, 1013
Let q be (16 - 17)/(2/(-122)). Let n = -1 + q. What are the prime factors of n?
2, 3, 5
Let u(d) = d**2 - 9*d + 20. Let o be u(5). Suppose -17*g + 13*g + 504 = o. List the prime factors of g.
2, 3, 7
Let j(l) be the second derivative of l**4/12 + 2*l**3/3 + 31*l**2/2 - 13*l. List the prime factors of j(-9).
2, 19
Let p(c) be the second derivative of -17*c**3/3 + 2*c**2 - 16*c. List the prime factors of p(-1).
2, 19
Let t = 22 - 33. Let r = 21 + t. Let h(k) = -k**3 + 11*k**2 - 8*k + 2. What are the prime factors of h(r)?
2, 11
Let u(p) = 5 - 1 + 3*p**2 - 4*p**2 + p - 5*p. Let r be u(-5). List the prime factors of (3 - 2)/(r/(-19)).
19
Suppose -3*b + 6 = h, 2*h + 2*b + 10 = 6*h. Suppose -2*q - 2*f = -5*q - 23, h*q = 3*f - 27. Let l = q + 44. What are the prime factors of l?
3, 13
Let l be 14/(-8) - -1 - 887/(-4). Let s = l - 130. List the prime factors of s.
7, 13
Let g(b) = 102*b**2 - 6*b - 16. List the prime factors of g(-3).
2, 5, 23
Let h(w) be the first derivative of -11*w**4/4 - w**3/3 - w**2/2 - w + 5. Let d be h(-1). List the prime factors of (17/(-2))/((-5)/d).
17
Let n(f) = f - 2. Let a be n(5). Suppose 0 = -4*i - 5*d - a + 13, -i + 5*d = -15. Suppose -i*q = 5 - 0, 3*c = -5*q + 151. List the prime factors of c.
2, 13
Let s(v) = -v**2 + 14*v + 9. Suppose -4*x + 49 = 3*i, -15 - 6 = -2*x - 5*i. What are the prime factors of s(x)?
2, 11
Let y = 1157 - 442. List the prime factors of y.
5, 11, 13
Let h = -19 + 30. Let n(t) = -2*t**2 + 21*t + 14. List the prime factors of n(h).
3
Let u(q) be the third derivative of q**5/60 - 5*q**4/24 - 2*q**3/3 - 4*q**2. Let k be u(6). List the prime factors of ((k*30)/(-2))/(-1).
2, 3, 5
Let b = -8 + -3. Let i = -56 + 59. Let a = i - b. What are the prime factors of a?
2, 7
Suppose 0 = 2*k + 2*k - 1196. Suppose k + 845 = 8*s. List the prime factors of s.
11, 13
Let h be 9/(-2)*-2 + (-2 - -3). Let a(v) = 3*v**2 - v**3 - 2*v**2 - 12 + 8*v + 8*v**2 + 6*v. What are the prime factors of a(h)?
2, 7
Let n(c) = 5*c - 25. Let k be n(6). Let o be k + -1 - (-1)/(-1). List the prime factors of (o*2)/(9/6).
2
Let o = 4 + 0. Suppose -4*l - 2*g + 5 = -3*g, -o*l - 3*g - 15 = 0. List the prime factors of 2 + 2 - (-2 + l).
2, 3
Let z(m) = -3*m. Let f(r) = -2*r. Let k(n) = 2*n + 9. Let a be k(-7). Let x(o) = a*z(o) + 8*f(o). What are the prime factors of x(-7)?
7
Let v be (8/6)/((-4)/(-6)). Suppose l + 22 = v*l. Suppose 0*n + l = 2*n. List the prime factors of n.
11
Suppose 2*q + 74*r = 78*r + 7326, 7336 = 2*q - 2*r. What are the prime factors of q?
3673
Let m(w) = -w**3 - 5*w**2 - 5*w - 1. Let x be m(-4). Suppose -x*r = -298 + 58. Suppose -l - r = -3*l. List the prime factors of l.
2, 5
Let y(q) = -11*q - 113. What are the prime factors of y(-32)?
239
Let q(s) = 2*s**2 - 16*s - 13. Let k be q(9). Suppose -4*f = k*o - 478, 232 = 3*f - f - o. What are the prime factors of f?
3, 13
What are the prime factors of (20/45)/((-14)/(-105147))?
2, 1669
Let b = -432 + 724. What are the prime factors of (2 + -3)/((-4)/b)?
73
Let q(b) = -b**2 + b + 33. Let y be q(6). Let r(t) = 5*t + 3 + 0 - 6 - t**2. List the prime factors of r(y).
3
Let f(m) = 2*m + 1. Let y(h) = -h**2 + 14*h - 6. Let a be y(13). Suppose -4*s + 16 = 2*v, 13 = 3*v + 2*s - a. List the prime factors of f(v).
13
Let z(r) = r + 21. Let b be z(-9). Suppose -2*y - u + b = -y, 5*u = -4*y + 51. Let f = y + 27. What are the prime factors of f?
2, 3
List the prime factors of 2/((-12)/(-14)) + (-1336300)/(-690).
7, 277
Let d(h) = h**2 - 7*h + 465. What are the prime factors of d(40)?
3, 5, 7, 17
Let h = 224 + -120. Suppose -2*a - 2*u = 2*a - h, 5*a = u + 137. What are the prime factors of a?
3
Suppose -3*t - t + 2*u = 90, -u - 80 = 3*t. Let p(r) = -r**3 - 25*r**2 - 4*r - 36. List the prime factors of p(t).
2
Let n = 210 - 375. Let k = n + 233. List the prime factors of k.
2, 17
Let r(x) = -x**2 - 11*x - 42. Let v be r(-5). Let n(s) = -7*s + 35. What are the prime factors of n(v)?
7, 17
Suppose 11*k - 16*k = -4735. What are the prime factors of k?
947
Suppose -37*i = -23*i - 26600. List the prime factors of i.
2, 5, 19
Let k(f) = 2*f**2 - 3. Let l be k(-3). Let b(o) = -o**3 + 15*o**2 + 6*o - 20.